r of 56 and w?
7
Let x be (-27)/(1 + -4) + 5. Suppose 4*w - 75 = -3*r, -24 = -w - 3*r + 4*r. Let t = w + -7. Calculate the greatest common divisor of t and x.
14
Suppose -2*o - 2 + 0 = -4*k, -o + k + 1 = 0. Suppose -5*g + 2 = -3. Calculate the highest common factor of o and g.
1
Let p = 265 - 190. Calculate the highest common factor of 200 and p.
25
Suppose 0 = -3*c - 4*b + 357, 20 = c + 2*b - 101. Let t = 97 - 51. What is the greatest common factor of t and c?
23
Let c = 14 + -10. Suppose -3*s = -c - 8. Suppose 3*l + 3*q = 40 + 11, s*l - 4*q = 60. What is the highest common factor of l and 176?
16
Let y be 3 - (-4 + 27/(-3)). Suppose -5*k - 9 = y. Let z = k - -17. What is the greatest common factor of z and 84?
12
Suppose -8*i = -16 + 40. Let o be (304/i)/(-4) - 6/(-9). Calculate the highest common divisor of 208 and o.
26
Let u be (10 - -6)/(3 - 32/12). Calculate the greatest common divisor of u and 648.
24
Let w = 21 + 49. Let l = -63 + w. What is the highest common divisor of l and 49?
7
Suppose -9*g = -4*g. Let c be (g + -9)*(-2 + 1). Calculate the highest common factor of 6 and c.
3
Let p(i) = i**3 + 16*i**2 + 7*i + 5. Let v be p(-14). What is the greatest common factor of v and 69?
23
Let w(h) = -h**3 - 5*h**2 - 3*h + 5. Let d be w(-4). Let g be (-2)/(88/(-40) + 2). Let z = d + g. What is the highest common divisor of 33 and z?
11
Suppose 2845 = 3*d - 4*v, 176*d - 180*d - 4*v = -3756. Calculate the highest common divisor of 41 and d.
41
Let w be 4/(-7) - (-1325)/175. Calculate the greatest common divisor of 28 and w.
7
Suppose 9*f = 1128 - 534. What is the highest common factor of 99 and f?
33
Suppose -52 = -4*p - 16. Suppose 73 = 18*m - 53. Suppose 2*y - 5 = -2*s + m, -2*s + 10 = 0. What is the highest common factor of y and p?
1
Let t = -112 - -257. What is the greatest common factor of t and 5?
5
Suppose 2*f = 10, 4*f = r + 12 + 89. Let y be (-2 - -10)/((-3)/(r/3)). Calculate the highest common factor of 9 and y.
9
Let x = 430 + -45. What is the greatest common divisor of x and 110?
55
Let h be (0/2 + (-65)/(-10))*2. Suppose -12*y = -h*y + 3. What is the highest common divisor of 2 and y?
1
Let z = -120 - -122. Let u(g) = 54*g**2 - 2*g + 8. Let v be u(z). Suppose -3*s = 2*s - 100. Calculate the highest common factor of v and s.
20
Let v(o) = o**3 + 3*o**2 - 3. Let q be v(-3). Let m be -32*(-2 + (-9)/q). Let a = 16 - m. Calculate the greatest common factor of 12 and a.
12
Suppose -10*x + 18*x - 48 = 0. What is the highest common factor of x and 162?
6
Let y be (-3)/((-12)/8) + 3. Suppose 0 = 5*d - y*b - 100, 2*d - 100 = -3*d + 3*b. Let s be -168*(d/8 + -3). Calculate the highest common factor of s and 28.
28
Let a(v) = 5*v - 2 + 2*v + v - 4*v. Let l be a(3). Let x be (36/l)/((-3)/(-110)). What is the greatest common divisor of 12 and x?
12
Let l = 123 - 92. Suppose -3*g - 38 = -g. Let z = l + g. Calculate the highest common factor of 30 and z.
6
Let a = 3465 - 3363. Suppose 55 + 5 = 5*s. Let q = 5 + s. Calculate the highest common divisor of q and a.
17
Suppose -4*g + 3*f + 151 = 0, -3*g + 4*f = f - 117. Let p = -16 + g. Calculate the highest common factor of 18 and p.
18
Suppose -o + 0*j = -5*j - 16, -o = -j - 8. Suppose o*b - 36 = 2*b. Suppose 5*x - 37 = -3*i, -2*x = i - 3 - 10. Calculate the highest common divisor of i and b.
9
Let h = 492 + -360. What is the highest common factor of 24 and h?
12
Let w = -30 - -44. Suppose -80 = 6*f - w*f. What is the greatest common divisor of f and 10?
10
Let s(t) = 2*t**3 + t**2 + t - 4. Let y be s(0). Let p be 30/y*(2 + (-14)/5). What is the greatest common factor of p and 9?
3
Let w(s) = -s**3 + 38*s**2 - 33*s + 73. Let y be w(37). Calculate the greatest common factor of 52 and y.
13
Let w be (6/(-2))/(-3*4/660). What is the highest common factor of 132 and w?
33
Let i be (64/(-10))/(3*(-10)/75). Calculate the highest common divisor of i and 384.
16
Suppose c = 0, -6*j + 2*j + 56 = c. Suppose -8*z - 54 = -j*z. What is the highest common factor of z and 15?
3
Suppose -12*w = -13*w - 20. Let y = -16 - w. What is the highest common divisor of y and 44?
4
Suppose 8*n - 24 = 2*n. Let r(f) = -f**3 + 3*f**2 + 2*f + 10. Let m be r(n). Calculate the highest common factor of 10 and m.
2
Let s be (5 + -1 - (-184)/(-6))*-3. What is the greatest common factor of 120 and s?
40
Let l be (-3 + 1)*280/(-5). Let t(p) = 3*p**2 + 11*p + 10. Let s be t(-4). Calculate the highest common factor of s and l.
14
Let c be 8 - (0 - 2/(-1)). Let b(m) = m**2 + 17*m - 26. Let f be b(-14). Let k = 110 + f. Calculate the greatest common factor of c and k.
6
Suppose 49 = -2*y - 23. Let c = y - -38. Calculate the greatest common divisor of 2 and c.
2
Let f(i) = 20*i**2 - 2. Let r be f(-1). Let m be (-3)/(-2 + 34/r). What is the highest common divisor of m and 27?
27
Let f = 119 - 80. Suppose -6*i + 2*i - 3*b + f = 0, -3*b = 5*i - 51. What is the highest common divisor of i and 12?
12
Let p = -2328 + 2958. What is the greatest common divisor of 378 and p?
126
Let i(m) = 2*m + 42. Let j be i(-12). Calculate the highest common divisor of j and 162.
18
Suppose 3*h - h = 4. Suppose 3*j - 27 = 4*j + 3*x, x = h*j + 75. Let y = j - -56. What is the highest common divisor of y and 20?
20
Suppose -162 + 62 = -4*o. Suppose -o = 2*n + 3*n. Let a be 45/6*(-4)/n. What is the highest common factor of a and 42?
6
Suppose -2*p = -3*g + 27, 4*g - 2*p - 13 = -7*p. Suppose 5*n - 35 = -0. What is the highest common divisor of g and n?
7
Suppose 10044 = 30*w - 43236. Calculate the highest common divisor of 111 and w.
111
Let l(s) = -57*s**3 - 2*s**2 - 3. Let j be l(2). Let w(r) = -r + 1. Let x be w(5). Let d be 16/64 + j/x. Calculate the greatest common divisor of 78 and d.
39
Let a be (6*1)/((-6)/531) - -3. Let y be (1/(-3))/((-4)/a*-2). What is the highest common factor of y and 154?
22
Let s be 4/((-28)/(-1827)) + (-5 - -8). Calculate the greatest common factor of s and 24.
24
Suppose -15 = -4*y + 33. Let x(s) = -28 - y*s + 28. Let i be x(-1). What is the greatest common factor of i and 108?
12
Suppose 510 = 7*f - 2*f. Let g = f + -67. Suppose n + 15 = 4*n. Calculate the highest common factor of n and g.
5
Let c(t) = -13*t - 130. Let i(x) = -1. Let v(n) = -2*c(n) + 234*i(n). Let o be v(11). Let h = -15 - -54. What is the greatest common factor of h and o?
39
Let q(i) = i**3 + i**2 + 9*i + 44. Let j be q(0). What is the highest common factor of j and 88?
44
Suppose 2*h - 174 = -30. Calculate the highest common factor of 72 and h.
72
Let h(q) = 169*q + 13. Let o be h(1). What is the highest common factor of o and 91?
91
Let l(w) = -6 + 6*w**2 + 39*w - 26*w - 3*w**3 + 2*w**3. Let h be l(6). What is the greatest common divisor of h and 54?
18
Suppose -10 = -2*f - 2. Suppose f = -a + 8. Suppose 2*r - a*y = y + 497, -4*y = -4*r + 1024. Calculate the greatest common divisor of 29 and r.
29
Let g = 1485 - 1137. Calculate the highest common divisor of 84 and g.
12
Let o be -1 + (-1)/2 + (-254)/4. Let i = o - -89. What is the greatest common factor of 3 and i?
3
Suppose 0 = -2*z + 2*y + 36, -3*y = -0*y - 15. Suppose 3*u = 5*b + 611, -30 = u + 2*b - 241. What is the highest common factor of z and u?
23
Suppose 2*z + 16*z = 2574. Let x = -11 + 24. Calculate the greatest common factor of z and x.
13
Let v(x) = -x**2 + 4*x + 1. Let f(k) = -k**2 - k. Let j(m) = -f(m) - v(m). Let w be j(3). What is the greatest common factor of w and 12?
4
Suppose 4*s + 0*s = -64. Let i = 19 + s. Let v be 0 + (4 - (i + 0)). Calculate the highest common divisor of 7 and v.
1
Let m = 2 + -1. Let c be -3*(-2 - (-12)/9). Suppose -4*x + c*z + 12 + 0 = 0, 4*z - 41 = -5*x. Calculate the greatest common divisor of x and m.
1
Suppose 0 = -6*g + 10*g + 4. Let h be (-39)/2*1/(g/18). What is the greatest common factor of 39 and h?
39
Let i be (-1)/(-4) - (-7671)/4. Calculate the highest common divisor of 14 and i.
14
Suppose 13 - 1 = 3*b. Let r be 6/9*18/b. Suppose r*c + 285 = 8*c. Calculate the greatest common divisor of c and 38.
19
Let p be (-2 + 828/3)*2. Let s = -108 + p. Suppose 3*f - 5*n = -f + s, -2*n = 0. What is the greatest common factor of 11 and f?
11
Suppose 8*t - 104 = 5*t - 4*n, 2*t - 60 = 2*n. Calculate the highest common factor of t and 2.
2
Let h(s) = 3*s**3 - 5*s**2